{"id":533,"date":"2020-11-09T12:52:35","date_gmt":"2020-11-09T12:52:35","guid":{"rendered":"http:\/\/imes.edu.ar\/cemer\/?page_id=533"},"modified":"2023-04-27T11:38:34","modified_gmt":"2023-04-27T11:38:34","slug":"libros","status":"publish","type":"page","link":"http:\/\/imes.edu.ar\/cemer\/libros\/","title":{"rendered":"libros"},"content":{"rendered":"\t\t<div data-elementor-type=\"wp-page\" data-elementor-id=\"533\" class=\"elementor elementor-533\" data-elementor-post-type=\"page\">\n\t\t\t\t\t\t\t\t\t<section class=\"elementor-section elementor-top-section elementor-element elementor-element-547c2de5 elementor-section-content-top elementor-section-boxed elementor-section-height-default elementor-section-height-default\" data-id=\"547c2de5\" data-element_type=\"section\" data-settings=\"{&quot;background_background&quot;:&quot;classic&quot;}\">\n\t\t\t\t\t\t<div class=\"elementor-container elementor-column-gap-no\">\n\t\t\t\t\t<div class=\"elementor-column elementor-col-100 elementor-top-column elementor-element elementor-element-65945396\" data-id=\"65945396\" data-element_type=\"column\">\n\t\t\t<div class=\"elementor-widget-wrap elementor-element-populated\">\n\t\t\t\t\t\t\t\t<div class=\"elementor-element elementor-element-7d9c1255 elementor-invisible elementor-widget elementor-widget-heading\" data-id=\"7d9c1255\" data-element_type=\"widget\" data-settings=\"{&quot;_animation&quot;:&quot;fadeIn&quot;}\" data-widget_type=\"heading.default\">\n\t\t\t\t<div class=\"elementor-widget-container\">\n\t\t\t<h5 class=\"elementor-heading-title elementor-size-small\">Crecer Cooperando<\/h5>\t\t<\/div>\n\t\t\t\t<\/div>\n\t\t\t\t<div class=\"elementor-element elementor-element-578f561f elementor-invisible elementor-widget elementor-widget-heading\" data-id=\"578f561f\" data-element_type=\"widget\" data-settings=\"{&quot;_animation&quot;:&quot;fadeIn&quot;}\" data-widget_type=\"heading.default\">\n\t\t\t\t<div class=\"elementor-widget-container\">\n\t\t\t<h2 class=\"elementor-heading-title elementor-size-xl\">Edici\u00f3n Digital CEMER IMES<\/h2>\t\t<\/div>\n\t\t\t\t<\/div>\n\t\t\t\t<div class=\"elementor-element elementor-element-11f27934 elementor-invisible elementor-widget elementor-widget-text-editor\" data-id=\"11f27934\" data-element_type=\"widget\" data-settings=\"{&quot;_animation&quot;:&quot;fadeIn&quot;}\" data-widget_type=\"text-editor.default\">\n\t\t\t\t<div class=\"elementor-widget-container\">\n\t\t\t\t\t\t\t<p>FORMACI\u00d3N DE LA JUVENTUD RURAL<br \/>PARA EL<br \/>DESARROLLO SOSTENIBLE<\/p>\t\t\t\t\t\t<\/div>\n\t\t\t\t<\/div>\n\t\t\t\t<div class=\"elementor-element elementor-element-3084dc7 elementor-widget elementor-widget-text-editor\" data-id=\"3084dc7\" data-element_type=\"widget\" data-widget_type=\"text-editor.default\">\n\t\t\t\t<div class=\"elementor-widget-container\">\n\t\t\t\t\t\t\t<p>Formaci\u00f3n de la Juventud Rural para el Desarrollo Sostenible \/ A. A. Pokolenko, M. R. Pianovi, &#8230; [et al.]; Compilado por Ana Alicia Pokolenko; Mariano Ramiro Pianovi; ilustrado por Patricia Liliana Pedrazzini, Juli\u00e1n Santa Catalina &#8230; [et al.]; pr\u00f3logo de Alberto Gandulfo. &#8211; 1a edici\u00f3n especial &#8211; Posadas: 2019<\/p>\t\t\t\t\t\t<\/div>\n\t\t\t\t<\/div>\n\t\t\t\t\t<\/div>\n\t\t<\/div>\n\t\t\t\t\t\t\t<\/div>\n\t\t<\/section>\n\t\t\t\t<section class=\"elementor-section elementor-top-section elementor-element elementor-element-1aaef66 elementor-section-boxed elementor-section-height-default elementor-section-height-default\" data-id=\"1aaef66\" data-element_type=\"section\" data-settings=\"{&quot;background_background&quot;:&quot;classic&quot;}\">\n\t\t\t\t\t\t\t<div class=\"elementor-background-overlay\"><\/div>\n\t\t\t\t\t\t\t<div class=\"elementor-container elementor-column-gap-default\">\n\t\t\t\t\t<div class=\"elementor-column elementor-col-100 elementor-top-column elementor-element elementor-element-b92465f\" data-id=\"b92465f\" data-element_type=\"column\">\n\t\t\t<div class=\"elementor-widget-wrap elementor-element-populated\">\n\t\t\t\t\t\t\t\t<div class=\"elementor-element elementor-element-fd798b4 elementor-widget-divider--view-line elementor-widget elementor-widget-divider\" data-id=\"fd798b4\" data-element_type=\"widget\" data-widget_type=\"divider.default\">\n\t\t\t\t<div class=\"elementor-widget-container\">\n\t\t\t\t\t<div class=\"elementor-divider\">\n\t\t\t<span class=\"elementor-divider-separator\">\n\t\t\t\t\t\t<\/span>\n\t\t<\/div>\n\t\t\t\t<\/div>\n\t\t\t\t<\/div>\n\t\t\t\t<div class=\"elementor-element elementor-element-509b7de elementor-widget elementor-widget-shortcode\" data-id=\"509b7de\" data-element_type=\"widget\" data-widget_type=\"shortcode.default\">\n\t\t\t\t<div class=\"elementor-widget-container\">\n\t\t\t\t\t<div class=\"elementor-shortcode\"><div class=\"_3d-flip-book  fb3d-fullscreen-mode full-size\" data-id=\"0\" data-mode=\"fullscreen\" data-title=\"false\" data-template=\"short-white-book-view\" data-lightbox=\"dark-shadow\" data-urlparam=\"fb3d-page\" data-page-n=\"0\" data-pdf=\"http:\/\/imes.edu.ar\/cemer\/wp-content\/uploads\/2020\/11\/jovenesrurales.pdf\" data-tax=\"null\" data-thumbnail=\"\" data-cols=\"3\" data-book-template=\"default\" data-trigger=\"\"><\/div><\/div>\n\t\t\t\t<\/div>\n\t\t\t\t<\/div>\n\t\t\t\t<div class=\"elementor-element elementor-element-d18fa03 elementor-widget-divider--view-line elementor-widget elementor-widget-divider\" data-id=\"d18fa03\" data-element_type=\"widget\" data-widget_type=\"divider.default\">\n\t\t\t\t<div class=\"elementor-widget-container\">\n\t\t\t\t\t<div class=\"elementor-divider\">\n\t\t\t<span class=\"elementor-divider-separator\">\n\t\t\t\t\t\t<\/span>\n\t\t<\/div>\n\t\t\t\t<\/div>\n\t\t\t\t<\/div>\n\t\t\t\t\t<\/div>\n\t\t<\/div>\n\t\t\t\t\t\t\t<\/div>\n\t\t<\/section>\n\t\t\t\t<section class=\"elementor-section elementor-top-section elementor-element elementor-element-c642e98 elementor-section-boxed elementor-section-height-default elementor-section-height-default\" data-id=\"c642e98\" data-element_type=\"section\">\n\t\t\t\t\t\t<div class=\"elementor-container elementor-column-gap-default\">\n\t\t\t\t\t<div class=\"elementor-column elementor-col-100 elementor-top-column elementor-element elementor-element-bdc6c1f\" data-id=\"bdc6c1f\" data-element_type=\"column\">\n\t\t\t<div class=\"elementor-widget-wrap elementor-element-populated\">\n\t\t\t\t\t\t\t\t<div class=\"elementor-element elementor-element-c7576d7 elementor-widget elementor-widget-spacer\" data-id=\"c7576d7\" data-element_type=\"widget\" data-widget_type=\"spacer.default\">\n\t\t\t\t<div class=\"elementor-widget-container\">\n\t\t\t\t\t<div class=\"elementor-spacer\">\n\t\t\t<div class=\"elementor-spacer-inner\"><\/div>\n\t\t<\/div>\n\t\t\t\t<\/div>\n\t\t\t\t<\/div>\n\t\t\t\t\t<\/div>\n\t\t<\/div>\n\t\t\t\t\t\t\t<\/div>\n\t\t<\/section>\n\t\t\t\t\t\t\t<\/div>\n\t\t","protected":false},"excerpt":{"rendered":"<p>Crecer Cooperando Edici\u00f3n Digital CEMER IMES FORMACI\u00d3N DE LA JUVENTUD RURAL PARA EL DESARROLLO SOSTENIBLE Formaci\u00f3n de la Juventud Rural para el Desarrollo Sostenible \/ A. A. Pokolenko, M. R. Pianovi, &#8230; [et al.]; Compilado por Ana Alicia Pokolenko; Mariano Ramiro Pianovi; ilustrado por Patricia Liliana Pedrazzini, Juli\u00e1n Santa Catalina &#8230; [et al.]; pr\u00f3logo de &hellip;<\/p>\n<p class=\"read-more\"> <a class=\"\" href=\"http:\/\/imes.edu.ar\/cemer\/libros\/\"> <span class=\"screen-reader-text\">libros<\/span> Leer m\u00e1s &raquo;<\/a><\/p>\n","protected":false},"author":2,"featured_media":0,"parent":0,"menu_order":0,"comment_status":"closed","ping_status":"closed","template":"","meta":{"site-sidebar-layout":"no-sidebar","site-content-layout":"page-builder","ast-site-content-layout":"","site-content-style":"default","site-sidebar-style":"default","ast-global-header-display":"","ast-banner-title-visibility":"","ast-main-header-display":"","ast-hfb-above-header-display":"","ast-hfb-below-header-display":"","ast-hfb-mobile-header-display":"","site-post-title":"disabled","ast-breadcrumbs-content":"","ast-featured-img":"disabled","footer-sml-layout":"","theme-transparent-header-meta":"default","adv-header-id-meta":"","stick-header-meta":"","header-above-stick-meta":"","header-main-stick-meta":"","header-below-stick-meta":"","astra-migrate-meta-layouts":"","footnotes":""},"_links":{"self":[{"href":"http:\/\/imes.edu.ar\/cemer\/wp-json\/wp\/v2\/pages\/533"}],"collection":[{"href":"http:\/\/imes.edu.ar\/cemer\/wp-json\/wp\/v2\/pages"}],"about":[{"href":"http:\/\/imes.edu.ar\/cemer\/wp-json\/wp\/v2\/types\/page"}],"author":[{"embeddable":true,"href":"http:\/\/imes.edu.ar\/cemer\/wp-json\/wp\/v2\/users\/2"}],"replies":[{"embeddable":true,"href":"http:\/\/imes.edu.ar\/cemer\/wp-json\/wp\/v2\/comments?post=533"}],"version-history":[{"count":19,"href":"http:\/\/imes.edu.ar\/cemer\/wp-json\/wp\/v2\/pages\/533\/revisions"}],"predecessor-version":[{"id":1028,"href":"http:\/\/imes.edu.ar\/cemer\/wp-json\/wp\/v2\/pages\/533\/revisions\/1028"}],"wp:attachment":[{"href":"http:\/\/imes.edu.ar\/cemer\/wp-json\/wp\/v2\/media?parent=533"}],"curies":[{"name":"wp","href":"https:\/\/api.w.org\/{rel}","templated":true}]}}