{"id":558,"date":"2020-11-11T11:55:07","date_gmt":"2020-11-11T11:55:07","guid":{"rendered":"http:\/\/imes.edu.ar\/cemer\/?page_id=558"},"modified":"2020-11-16T13:19:28","modified_gmt":"2020-11-16T13:19:28","slug":"libros1","status":"publish","type":"page","link":"http:\/\/imes.edu.ar\/cemer\/libros1\/","title":{"rendered":"libros1"},"content":{"rendered":"\t\t<div data-elementor-type=\"wp-page\" data-elementor-id=\"558\" class=\"elementor elementor-558\" data-elementor-post-type=\"page\">\n\t\t\t\t\t\t\t\t\t<section class=\"elementor-section elementor-top-section elementor-element elementor-element-5a1ef64 elementor-section-boxed elementor-section-height-default elementor-section-height-default\" data-id=\"5a1ef64\" data-element_type=\"section\" data-settings=\"{&quot;background_background&quot;:&quot;classic&quot;}\">\n\t\t\t\t\t\t\t<div class=\"elementor-background-overlay\"><\/div>\n\t\t\t\t\t\t\t<div class=\"elementor-container elementor-column-gap-default\">\n\t\t\t\t\t<div class=\"elementor-column elementor-col-100 elementor-top-column elementor-element elementor-element-2b8788b\" data-id=\"2b8788b\" data-element_type=\"column\">\n\t\t\t<div class=\"elementor-widget-wrap elementor-element-populated\">\n\t\t\t\t\t\t\t\t<div class=\"elementor-element elementor-element-6c47fb15 elementor-widget elementor-widget-heading\" data-id=\"6c47fb15\" data-element_type=\"widget\" data-widget_type=\"heading.default\">\n\t\t\t\t<div class=\"elementor-widget-container\">\n\t\t\t<h3 class=\"elementor-heading-title elementor-size-default\">Experiencias y aprendizajes como expresi\u00f3n de pol\u00edtica p\u00fablica local\n\n<\/h3>\t\t<\/div>\n\t\t\t\t<\/div>\n\t\t\t\t<section class=\"elementor-section elementor-inner-section elementor-element elementor-element-3526f42d elementor-section-boxed elementor-section-height-default elementor-section-height-default\" data-id=\"3526f42d\" data-element_type=\"section\">\n\t\t\t\t\t\t<div class=\"elementor-container elementor-column-gap-default\">\n\t\t\t\t\t<div class=\"elementor-column elementor-col-100 elementor-inner-column elementor-element elementor-element-2c336ba1\" data-id=\"2c336ba1\" data-element_type=\"column\">\n\t\t\t<div class=\"elementor-widget-wrap elementor-element-populated\">\n\t\t\t\t\t\t\t\t<div class=\"elementor-element elementor-element-2a937a7d elementor-widget elementor-widget-heading\" data-id=\"2a937a7d\" data-element_type=\"widget\" data-widget_type=\"heading.default\">\n\t\t\t\t<div class=\"elementor-widget-container\">\n\t\t\t<h2 class=\"elementor-heading-title elementor-size-default\">Presupuesto Participativode la Ciudad de Posadas<\/h2>\t\t<\/div>\n\t\t\t\t<\/div>\n\t\t\t\t<div class=\"elementor-element elementor-element-604207a4 elementor-widget elementor-widget-text-editor\" data-id=\"604207a4\" data-element_type=\"widget\" data-widget_type=\"text-editor.default\">\n\t\t\t\t<div class=\"elementor-widget-container\">\n\t\t\t\t\t\t\t<p>Presupuesto participativo de la ciudad de Posadas : experiencias y aprendizajes como expresi\u00f3n de pol\u00edtica p\u00fablica local \/ Ana Alicia Pokolenko ; Mariano Ramiro Pianovi ; Valeria Mariel Jacquem\u00edn &#8211; 1a edici\u00f3n especial &#8211; Posadas: Ana Alicia Pokolenko, 2018. Libro digital, PDF &#8211; (Pol\u00edticas p\u00fablicas \/ Pianovi, Mariano Ramiro; Pokolenko, Ana Alicia; investigaci\u00f3n acci\u00f3n<\/p>\t\t\t\t\t\t<\/div>\n\t\t\t\t<\/div>\n\t\t\t\t\t<\/div>\n\t\t<\/div>\n\t\t\t\t\t\t\t<\/div>\n\t\t<\/section>\n\t\t\t\t\t<\/div>\n\t\t<\/div>\n\t\t\t\t\t\t\t<\/div>\n\t\t<\/section>\n\t\t\t\t<section class=\"elementor-section elementor-top-section elementor-element elementor-element-71ea742 elementor-section-boxed elementor-section-height-default elementor-section-height-default\" data-id=\"71ea742\" data-element_type=\"section\">\n\t\t\t\t\t\t<div class=\"elementor-container elementor-column-gap-default\">\n\t\t\t\t\t<div class=\"elementor-column elementor-col-100 elementor-top-column elementor-element elementor-element-e92d7d8\" data-id=\"e92d7d8\" data-element_type=\"column\">\n\t\t\t<div class=\"elementor-widget-wrap elementor-element-populated\">\n\t\t\t\t\t\t\t\t<div class=\"elementor-element elementor-element-840d703 elementor-widget elementor-widget-shortcode\" data-id=\"840d703\" data-element_type=\"widget\" data-widget_type=\"shortcode.default\">\n\t\t\t\t<div class=\"elementor-widget-container\">\n\t\t\t\t\t<div class=\"elementor-shortcode\"><div class=\"_3d-flip-book  fb3d-fullscreen-mode full-size\" data-id=\"0\" data-mode=\"fullscreen\" data-title=\"false\" data-template=\"short-white-book-view\" data-lightbox=\"dark-shadow\" data-urlparam=\"fb3d-page\" data-page-n=\"0\" data-pdf=\"http:\/\/imes.edu.ar\/cemer\/wp-content\/uploads\/2020\/11\/presupuestoparticipativo.pdf\" data-tax=\"null\" data-thumbnail=\"\" data-cols=\"3\" data-book-template=\"default\" data-trigger=\"\"><\/div><\/div>\n\t\t\t\t<\/div>\n\t\t\t\t<\/div>\n\t\t\t\t\t<\/div>\n\t\t<\/div>\n\t\t\t\t\t\t\t<\/div>\n\t\t<\/section>\n\t\t\t\t<section class=\"elementor-section elementor-top-section elementor-element elementor-element-b2ea33e elementor-section-boxed elementor-section-height-default elementor-section-height-default\" data-id=\"b2ea33e\" data-element_type=\"section\">\n\t\t\t\t\t\t<div class=\"elementor-container elementor-column-gap-default\">\n\t\t\t\t\t<div class=\"elementor-column elementor-col-100 elementor-top-column elementor-element elementor-element-00f00c3\" data-id=\"00f00c3\" data-element_type=\"column\">\n\t\t\t<div class=\"elementor-widget-wrap elementor-element-populated\">\n\t\t\t\t\t\t\t\t<div class=\"elementor-element elementor-element-5ad80e6 elementor-widget elementor-widget-spacer\" data-id=\"5ad80e6\" data-element_type=\"widget\" data-widget_type=\"spacer.default\">\n\t\t\t\t<div class=\"elementor-widget-container\">\n\t\t\t\t\t<div class=\"elementor-spacer\">\n\t\t\t<div class=\"elementor-spacer-inner\"><\/div>\n\t\t<\/div>\n\t\t\t\t<\/div>\n\t\t\t\t<\/div>\n\t\t\t\t\t<\/div>\n\t\t<\/div>\n\t\t\t\t\t\t\t<\/div>\n\t\t<\/section>\n\t\t\t\t\t\t\t<\/div>\n\t\t","protected":false},"excerpt":{"rendered":"<p>Experiencias y aprendizajes como expresi\u00f3n de pol\u00edtica p\u00fablica local Presupuesto Participativode la Ciudad de Posadas Presupuesto participativo de la ciudad de Posadas : experiencias y aprendizajes como expresi\u00f3n de pol\u00edtica p\u00fablica local \/ Ana Alicia Pokolenko ; Mariano Ramiro Pianovi ; Valeria Mariel Jacquem\u00edn &#8211; 1a edici\u00f3n especial &#8211; Posadas: Ana Alicia Pokolenko, 2018. Libro &hellip;<\/p>\n<p class=\"read-more\"> <a class=\"\" href=\"http:\/\/imes.edu.ar\/cemer\/libros1\/\"> <span class=\"screen-reader-text\">libros1<\/span> Leer m\u00e1s &raquo;<\/a><\/p>\n","protected":false},"author":2,"featured_media":0,"parent":0,"menu_order":0,"comment_status":"closed","ping_status":"closed","template":"","meta":{"site-sidebar-layout":"no-sidebar","site-content-layout":"page-builder","ast-site-content-layout":"","site-content-style":"default","site-sidebar-style":"default","ast-global-header-display":"","ast-banner-title-visibility":"","ast-main-header-display":"","ast-hfb-above-header-display":"","ast-hfb-below-header-display":"","ast-hfb-mobile-header-display":"","site-post-title":"disabled","ast-breadcrumbs-content":"","ast-featured-img":"disabled","footer-sml-layout":"","theme-transparent-header-meta":"default","adv-header-id-meta":"","stick-header-meta":"","header-above-stick-meta":"","header-main-stick-meta":"","header-below-stick-meta":"","astra-migrate-meta-layouts":"","footnotes":""},"_links":{"self":[{"href":"http:\/\/imes.edu.ar\/cemer\/wp-json\/wp\/v2\/pages\/558"}],"collection":[{"href":"http:\/\/imes.edu.ar\/cemer\/wp-json\/wp\/v2\/pages"}],"about":[{"href":"http:\/\/imes.edu.ar\/cemer\/wp-json\/wp\/v2\/types\/page"}],"author":[{"embeddable":true,"href":"http:\/\/imes.edu.ar\/cemer\/wp-json\/wp\/v2\/users\/2"}],"replies":[{"embeddable":true,"href":"http:\/\/imes.edu.ar\/cemer\/wp-json\/wp\/v2\/comments?post=558"}],"version-history":[{"count":6,"href":"http:\/\/imes.edu.ar\/cemer\/wp-json\/wp\/v2\/pages\/558\/revisions"}],"predecessor-version":[{"id":646,"href":"http:\/\/imes.edu.ar\/cemer\/wp-json\/wp\/v2\/pages\/558\/revisions\/646"}],"wp:attachment":[{"href":"http:\/\/imes.edu.ar\/cemer\/wp-json\/wp\/v2\/media?parent=558"}],"curies":[{"name":"wp","href":"https:\/\/api.w.org\/{rel}","templated":true}]}}